{"id":260697,"date":"2025-04-25T14:26:10","date_gmt":"2025-04-25T19:26:10","guid":{"rendered":"https:\/\/www.movemobility.ca\/?post_type=events&#038;p=260697"},"modified":"2025-04-25T14:26:10","modified_gmt":"2025-04-25T19:26:10","slug":"conference-rdh-sur-levolution-de-lhygiene-dentaire","status":"publish","type":"events","link":"https:\/\/www.movemobility.ca\/fr\/events\/rdh-evolve-dental-hygiene-conference\/","title":{"rendered":"RDH Evolve - Conf\u00e9rence sur l'hygi\u00e8ne dentaire"},"content":{"rendered":"<p>Nous sommes ravis de vous inviter \u00e0 participer \u00e0 la seule conf\u00e9rence sur l'hygi\u00e8ne dentaire de l'Ouest canadien, qui aura lieu du 1er au 3 mai 2025 au JW Marriott d'Edmonton. Cet \u00e9v\u00e9nement de premier plan est con\u00e7u sp\u00e9cialement pour les hygi\u00e9nistes dentaires et vise \u00e0 faire progresser les pratiques d'hygi\u00e8ne dentaire, \u00e0 favoriser la croissance professionnelle et \u00e0 promouvoir des soins de sant\u00e9 bucco-dentaire optimaux.<\/p>","protected":false},"featured_media":260698,"template":"","class_list":["post-260697","events","type-events","status-publish","has-post-thumbnail","hentry"],"yoast_head":"<!-- This site is optimized with the Yoast SEO plugin v27.1.1 - https:\/\/yoast.com\/product\/yoast-seo-wordpress\/ -->\n<title>RDH Evolve - Dental Hygiene Conference<\/title>\n<meta name=\"robots\" content=\"index, follow, max-snippet:-1, max-image-preview:large, max-video-preview:-1\" \/>\n<link rel=\"canonical\" href=\"https:\/\/movemobility.ca\/events\/rdh-evolve-dental-hygiene-conference\/\" \/>\n<meta property=\"og:locale\" content=\"fr_CA\" \/>\n<meta property=\"og:type\" content=\"article\" \/>\n<meta property=\"og:title\" content=\"RDH Evolve - Dental Hygiene Conference\" \/>\n<meta property=\"og:description\" content=\"We are thrilled to extend an invitation for you to attend the only Western Canadian Dental Hygiene Conference, set to take place on May 1 &#8211; 3, 2025 at the JW Marriott in Edmonton. This premier event is designed specifically for dental hygienists and is dedicated to advancing dental hygiene practices, fostering professional growth, and [&hellip;]\" \/>\n<meta property=\"og:url\" content=\"https:\/\/movemobility.ca\/events\/rdh-evolve-dental-hygiene-conference\/\" \/>\n<meta property=\"og:site_name\" content=\"MoveMobility\" \/>\n<meta property=\"article:publisher\" content=\"https:\/\/www.facebook.com\/mobilitymove\/\" \/>\n<meta property=\"og:image\" content=\"https:\/\/movemobility.ca\/wp-content\/uploads\/2025\/04\/RDH-Evolve-event-logo.png\" \/>\n\t<meta property=\"og:image:width\" content=\"1080\" \/>\n\t<meta property=\"og:image:height\" content=\"1080\" \/>\n\t<meta property=\"og:image:type\" content=\"image\/png\" \/>\n<meta name=\"twitter:card\" content=\"summary_large_image\" \/>\n<meta name=\"twitter:site\" content=\"@mobility_move\" \/>\n<meta name=\"twitter:label1\" content=\"Estimation du temps de lecture\" \/>\n\t<meta name=\"twitter:data1\" content=\"1 minute\" \/>\n<script type=\"application\/ld+json\" class=\"yoast-schema-graph\">{\"@context\":\"https:\/\/schema.org\",\"@graph\":[{\"@type\":\"WebPage\",\"@id\":\"https:\/\/movemobility.ca\/events\/rdh-evolve-dental-hygiene-conference\/\",\"url\":\"https:\/\/movemobility.ca\/events\/rdh-evolve-dental-hygiene-conference\/\",\"name\":\"RDH Evolve - Dental Hygiene Conference\",\"isPartOf\":{\"@id\":\"https:\/\/movemobility.ca\/#website\"},\"primaryImageOfPage\":{\"@id\":\"https:\/\/movemobility.ca\/events\/rdh-evolve-dental-hygiene-conference\/#primaryimage\"},\"image\":{\"@id\":\"https:\/\/movemobility.ca\/events\/rdh-evolve-dental-hygiene-conference\/#primaryimage\"},\"thumbnailUrl\":\"https:\/\/www.movemobility.ca\/wp-content\/uploads\/2025\/04\/RDH-Evolve-event-logo.png\",\"datePublished\":\"2025-04-25T19:26:10+00:00\",\"breadcrumb\":{\"@id\":\"https:\/\/movemobility.ca\/events\/rdh-evolve-dental-hygiene-conference\/#breadcrumb\"},\"inLanguage\":\"fr-CA\",\"potentialAction\":[{\"@type\":\"ReadAction\",\"target\":[\"https:\/\/movemobility.ca\/events\/rdh-evolve-dental-hygiene-conference\/\"]}]},{\"@type\":\"ImageObject\",\"inLanguage\":\"fr-CA\",\"@id\":\"https:\/\/movemobility.ca\/events\/rdh-evolve-dental-hygiene-conference\/#primaryimage\",\"url\":\"https:\/\/www.movemobility.ca\/wp-content\/uploads\/2025\/04\/RDH-Evolve-event-logo.png\",\"contentUrl\":\"https:\/\/www.movemobility.ca\/wp-content\/uploads\/2025\/04\/RDH-Evolve-event-logo.png\",\"width\":1080,\"height\":1080},{\"@type\":\"BreadcrumbList\",\"@id\":\"https:\/\/movemobility.ca\/events\/rdh-evolve-dental-hygiene-conference\/#breadcrumb\",\"itemListElement\":[{\"@type\":\"ListItem\",\"position\":1,\"name\":\"Wheelchair Accessible Vans &amp; Medical Vehicles\",\"item\":\"https:\/\/www.movemobility.ca\/\"},{\"@type\":\"ListItem\",\"position\":2,\"name\":\"RDH Evolve &#8211; Dental Hygiene Conference\"}]},{\"@type\":\"WebSite\",\"@id\":\"https:\/\/movemobility.ca\/#website\",\"url\":\"https:\/\/movemobility.ca\/\",\"name\":\"MoveMobility\",\"description\":\"Wheelchair Accessible Vans &amp; Medical Vehicles\",\"publisher\":{\"@id\":\"https:\/\/movemobility.ca\/#organization\"},\"potentialAction\":[{\"@type\":\"SearchAction\",\"target\":{\"@type\":\"EntryPoint\",\"urlTemplate\":\"https:\/\/movemobility.ca\/?s={search_term_string}\"},\"query-input\":{\"@type\":\"PropertyValueSpecification\",\"valueRequired\":true,\"valueName\":\"search_term_string\"}}],\"inLanguage\":\"fr-CA\"},{\"@type\":\"Organization\",\"@id\":\"https:\/\/movemobility.ca\/#organization\",\"name\":\"MoveMobility\",\"url\":\"https:\/\/movemobility.ca\/\",\"logo\":{\"@type\":\"ImageObject\",\"inLanguage\":\"fr-CA\",\"@id\":\"https:\/\/movemobility.ca\/#\/schema\/logo\/image\/\",\"url\":\"https:\/\/www.movemobility.ca\/wp-content\/uploads\/2021\/06\/MM_logo_Stacked-LG.png\",\"contentUrl\":\"https:\/\/www.movemobility.ca\/wp-content\/uploads\/2021\/06\/MM_logo_Stacked-LG.png\",\"width\":444,\"height\":114,\"caption\":\"MoveMobility\"},\"image\":{\"@id\":\"https:\/\/movemobility.ca\/#\/schema\/logo\/image\/\"},\"sameAs\":[\"https:\/\/www.facebook.com\/mobilitymove\/\",\"https:\/\/x.com\/mobility_move\",\"https:\/\/www.linkedin.com\/company\/3961770\/\",\"https:\/\/www.youtube.com\/channel\/UCiW-UIxjD6wjjX-7KS4z22g\/\"]}]}<\/script>\n<!-- \/ Yoast SEO plugin. -->","yoast_head_json":{"title":"RDH Evolve - Conf\u00e9rence sur l'hygi\u00e8ne dentaire","robots":{"index":"index","follow":"follow","max-snippet":"max-snippet:-1","max-image-preview":"max-image-preview:large","max-video-preview":"max-video-preview:-1"},"canonical":"https:\/\/movemobility.ca\/events\/rdh-evolve-dental-hygiene-conference\/","og_locale":"fr_CA","og_type":"article","og_title":"RDH Evolve - Dental Hygiene Conference","og_description":"We are thrilled to extend an invitation for you to attend the only Western Canadian Dental Hygiene Conference, set to take place on May 1 &#8211; 3, 2025 at the JW Marriott in Edmonton. This premier event is designed specifically for dental hygienists and is dedicated to advancing dental hygiene practices, fostering professional growth, and [&hellip;]","og_url":"https:\/\/movemobility.ca\/events\/rdh-evolve-dental-hygiene-conference\/","og_site_name":"MoveMobility","article_publisher":"https:\/\/www.facebook.com\/mobilitymove\/","og_image":[{"width":1080,"height":1080,"url":"https:\/\/movemobility.ca\/wp-content\/uploads\/2025\/04\/RDH-Evolve-event-logo.png","type":"image\/png"}],"twitter_card":"summary_large_image","twitter_site":"@mobility_move","twitter_misc":{"Estimation du temps de lecture":"1 minute"},"schema":{"@context":"https:\/\/schema.org","@graph":[{"@type":"WebPage","@id":"https:\/\/movemobility.ca\/events\/rdh-evolve-dental-hygiene-conference\/","url":"https:\/\/movemobility.ca\/events\/rdh-evolve-dental-hygiene-conference\/","name":"RDH Evolve - Conf\u00e9rence sur l'hygi\u00e8ne dentaire","isPartOf":{"@id":"https:\/\/movemobility.ca\/#website"},"primaryImageOfPage":{"@id":"https:\/\/movemobility.ca\/events\/rdh-evolve-dental-hygiene-conference\/#primaryimage"},"image":{"@id":"https:\/\/movemobility.ca\/events\/rdh-evolve-dental-hygiene-conference\/#primaryimage"},"thumbnailUrl":"https:\/\/www.movemobility.ca\/wp-content\/uploads\/2025\/04\/RDH-Evolve-event-logo.png","datePublished":"2025-04-25T19:26:10+00:00","breadcrumb":{"@id":"https:\/\/movemobility.ca\/events\/rdh-evolve-dental-hygiene-conference\/#breadcrumb"},"inLanguage":"fr-CA","potentialAction":[{"@type":"ReadAction","target":["https:\/\/movemobility.ca\/events\/rdh-evolve-dental-hygiene-conference\/"]}]},{"@type":"ImageObject","inLanguage":"fr-CA","@id":"https:\/\/movemobility.ca\/events\/rdh-evolve-dental-hygiene-conference\/#primaryimage","url":"https:\/\/www.movemobility.ca\/wp-content\/uploads\/2025\/04\/RDH-Evolve-event-logo.png","contentUrl":"https:\/\/www.movemobility.ca\/wp-content\/uploads\/2025\/04\/RDH-Evolve-event-logo.png","width":1080,"height":1080},{"@type":"BreadcrumbList","@id":"https:\/\/movemobility.ca\/events\/rdh-evolve-dental-hygiene-conference\/#breadcrumb","itemListElement":[{"@type":"ListItem","position":1,"name":"Wheelchair Accessible Vans &amp; Medical Vehicles","item":"https:\/\/www.movemobility.ca\/"},{"@type":"ListItem","position":2,"name":"RDH Evolve &#8211; Dental Hygiene Conference"}]},{"@type":"WebSite","@id":"https:\/\/movemobility.ca\/#website","url":"https:\/\/movemobility.ca\/","name":"MoveMobility","description":"Fourgons et v\u00e9hicules m\u00e9dicaux accessibles aux fauteuils roulants","publisher":{"@id":"https:\/\/movemobility.ca\/#organization"},"potentialAction":[{"@type":"SearchAction","target":{"@type":"EntryPoint","urlTemplate":"https:\/\/movemobility.ca\/?s={search_term_string}"},"query-input":{"@type":"PropertyValueSpecification","valueRequired":true,"valueName":"search_term_string"}}],"inLanguage":"fr-CA"},{"@type":"Organization","@id":"https:\/\/movemobility.ca\/#organization","name":"MoveMobility","url":"https:\/\/movemobility.ca\/","logo":{"@type":"ImageObject","inLanguage":"fr-CA","@id":"https:\/\/movemobility.ca\/#\/schema\/logo\/image\/","url":"https:\/\/www.movemobility.ca\/wp-content\/uploads\/2021\/06\/MM_logo_Stacked-LG.png","contentUrl":"https:\/\/www.movemobility.ca\/wp-content\/uploads\/2021\/06\/MM_logo_Stacked-LG.png","width":444,"height":114,"caption":"MoveMobility"},"image":{"@id":"https:\/\/movemobility.ca\/#\/schema\/logo\/image\/"},"sameAs":["https:\/\/www.facebook.com\/mobilitymove\/","https:\/\/x.com\/mobility_move","https:\/\/www.linkedin.com\/company\/3961770\/","https:\/\/www.youtube.com\/channel\/UCiW-UIxjD6wjjX-7KS4z22g\/"]}]}},"_links":{"self":[{"href":"https:\/\/www.movemobility.ca\/fr\/wp-json\/wp\/v2\/events\/260697","targetHints":{"allow":["GET"]}}],"collection":[{"href":"https:\/\/www.movemobility.ca\/fr\/wp-json\/wp\/v2\/events"}],"about":[{"href":"https:\/\/www.movemobility.ca\/fr\/wp-json\/wp\/v2\/types\/events"}],"version-history":[{"count":0,"href":"https:\/\/www.movemobility.ca\/fr\/wp-json\/wp\/v2\/events\/260697\/revisions"}],"wp:featuredmedia":[{"embeddable":true,"href":"https:\/\/www.movemobility.ca\/fr\/wp-json\/wp\/v2\/media\/260698"}],"wp:attachment":[{"href":"https:\/\/www.movemobility.ca\/fr\/wp-json\/wp\/v2\/media?parent=260697"}],"curies":[{"name":"wp","href":"https:\/\/api.w.org\/{rel}","templated":true}]}}

RDH Evolve - Conférence sur l'hygiène dentaire

<p>Nous sommes ravis de vous inviter à participer à la seule conférence sur l'hygiène dentaire de l'Ouest canadien, qui aura lieu du 1er au 3 mai 2025 au JW Marriott d'Edmonton. Cet événement de premier plan est conçu spécialement pour les hygiénistes dentaires et vise à faire progresser les pratiques d'hygiène dentaire, à favoriser la croissance professionnelle et à promouvoir des soins de santé bucco-dentaire optimaux.</p>

Fourgons et véhicules médicaux accessibles aux fauteuils roulants
