{"id":204604,"date":"2024-08-13T10:11:40","date_gmt":"2024-08-13T15:11:40","guid":{"rendered":"https:\/\/www.movemobility.ca\/?post_type=events&#038;p=204604"},"modified":"2024-09-16T09:09:05","modified_gmt":"2024-09-16T14:09:05","slug":"la-conference-de-promotion-economique-des-premieres-nations-2024","status":"publish","type":"events","link":"https:\/\/www.movemobility.ca\/fr\/events\/the-2024-first-nations-economic-advancement-conference\/","title":{"rendered":"La conf\u00e9rence 2024 sur l'avancement \u00e9conomique des Premi\u00e8res nations"},"content":{"rendered":"<p>Arr\u00eater par <strong>Stand # 12<\/strong>\u00a0pour discuter de l'accessibilit\u00e9 des transports dans votre communaut\u00e9 !<\/p>\n<p>&nbsp;<\/p>\n<p>La 2024 First Nations Economic Advancement Conference (FNEAC) apportera des id\u00e9es sur le th\u00e8me \"Creating Connections : \u00c9largir nos opportunit\u00e9s \u00e9conomiques\" et des informations pertinentes aux personnes charg\u00e9es du d\u00e9veloppement \u00e9conomique autochtone en Ontario et au-del\u00e0.<\/p>\n<p>Le sommet d\u00e9bute par une r\u00e9ception d'ouverture le 16 septembre, au cours de laquelle tous les d\u00e9l\u00e9gu\u00e9s auront l'occasion de se rencontrer et de se pr\u00e9senter. Du 16 au 19 septembre, des discussions approfondies auront lieu sur une vari\u00e9t\u00e9 de sujets li\u00e9s au renforcement des capacit\u00e9s qui r\u00e9pondront certainement aux besoins des nombreux d\u00e9l\u00e9gu\u00e9s pr\u00e9sents.\u00a0<strong>CR\u00c9ER DES LIENS<\/strong>\u00a0est un th\u00e8me auquel de nombreuses communaut\u00e9s autochtones peuvent s'identifier et pour lequel elles peuvent planifier.<\/p>\n<p>Le\u00a0<strong>CR\u00c9ER DES LIENS<\/strong>\u00a0Le sommet est ouvert \u00e0 toutes les personnes et organisations autochtones et non autochtones qui souhaitent s'informer sur les nouvelles possibilit\u00e9s de d\u00e9veloppement \u00e9conomique pour les communaut\u00e9s et les entreprises autochtones de l'Ontario. Il s'agit d'un\u00a0<strong>GRAND<\/strong>\u00a0l'occasion de rencontrer des d\u00e9cideurs autochtones, des fonctionnaires, des chefs d'entreprise et des repr\u00e9sentants professionnels qui souhaitent s'impliquer dans le d\u00e9veloppement et la promotion de l'\u00e9conomie autochtone.<\/p>\n<p>En septembre 2023, l'OFNEDA a organis\u00e9 sa conf\u00e9rence annuelle.<strong>\u00a0<\/strong>\u00e0 Niagara Falls, qui a attir\u00e9 environ\u00a0<strong>225 d\u00e9l\u00e9gu\u00e9s\u00a0<\/strong>qui comprenait\u00a0<strong>Responsables du d\u00e9veloppement \u00e9conomique, chefs et conseillers des Premi\u00e8res nations, chefs d'entreprise autochtones, fonctionnaires, chefs d'entreprise, entreprises sponsors et autres dignitaires.<\/strong>\u00a0pour un programme riche en valeur ajout\u00e9e qui a d\u00e9pass\u00e9 toutes les attentes.<\/p>","protected":false},"featured_media":204605,"template":"","class_list":["post-204604","events","type-events","status-publish","has-post-thumbnail","hentry"],"yoast_head":"<!-- This site is optimized with the Yoast SEO plugin v27.1.1 - https:\/\/yoast.com\/product\/yoast-seo-wordpress\/ -->\n<title>The 2024 First Nations Economic Advancement Conference<\/title>\n<meta name=\"robots\" content=\"index, follow, max-snippet:-1, max-image-preview:large, max-video-preview:-1\" \/>\n<link rel=\"canonical\" href=\"https:\/\/movemobility.ca\/events\/the-2024-first-nations-economic-advancement-conference\/\" \/>\n<meta property=\"og:locale\" content=\"fr_CA\" \/>\n<meta property=\"og:type\" content=\"article\" \/>\n<meta property=\"og:title\" content=\"The 2024 First Nations Economic Advancement Conference\" \/>\n<meta property=\"og:description\" content=\"Stop by Booth # 12\u00a0to discuss about accessible transportation for your community! &nbsp; The 2024 First Nations Economic Advancement Conference (FNEAC) will bring ideas on &#8220;Creating Connections: Expanding our Economic Opportunities&#8221; and relevant information to Indigenous economic development people in Ontario and beyond. The Summit kicks off with an opening reception on September 16th where [&hellip;]\" \/>\n<meta property=\"og:url\" content=\"https:\/\/movemobility.ca\/events\/the-2024-first-nations-economic-advancement-conference\/\" \/>\n<meta property=\"og:site_name\" content=\"MoveMobility\" \/>\n<meta property=\"article:publisher\" content=\"https:\/\/www.facebook.com\/mobilitymove\/\" \/>\n<meta property=\"article:modified_time\" content=\"2024-09-16T14:09:05+00:00\" \/>\n<meta name=\"twitter:card\" content=\"summary_large_image\" \/>\n<meta name=\"twitter:site\" content=\"@mobility_move\" \/>\n<meta name=\"twitter:label1\" content=\"Estimation du temps de lecture\" \/>\n\t<meta name=\"twitter:data1\" content=\"2 minutes\" \/>\n<script type=\"application\/ld+json\" class=\"yoast-schema-graph\">{\"@context\":\"https:\/\/schema.org\",\"@graph\":[{\"@type\":\"WebPage\",\"@id\":\"https:\/\/movemobility.ca\/events\/the-2024-first-nations-economic-advancement-conference\/\",\"url\":\"https:\/\/movemobility.ca\/events\/the-2024-first-nations-economic-advancement-conference\/\",\"name\":\"The 2024 First Nations Economic Advancement Conference\",\"isPartOf\":{\"@id\":\"https:\/\/movemobility.ca\/#website\"},\"primaryImageOfPage\":{\"@id\":\"https:\/\/movemobility.ca\/events\/the-2024-first-nations-economic-advancement-conference\/#primaryimage\"},\"image\":{\"@id\":\"https:\/\/movemobility.ca\/events\/the-2024-first-nations-economic-advancement-conference\/#primaryimage\"},\"thumbnailUrl\":\"https:\/\/www.movemobility.ca\/wp-content\/uploads\/2024\/08\/OFNEDA-Logo.svg\",\"datePublished\":\"2024-08-13T15:11:40+00:00\",\"dateModified\":\"2024-09-16T14:09:05+00:00\",\"breadcrumb\":{\"@id\":\"https:\/\/movemobility.ca\/events\/the-2024-first-nations-economic-advancement-conference\/#breadcrumb\"},\"inLanguage\":\"fr-CA\",\"potentialAction\":[{\"@type\":\"ReadAction\",\"target\":[\"https:\/\/movemobility.ca\/events\/the-2024-first-nations-economic-advancement-conference\/\"]}]},{\"@type\":\"ImageObject\",\"inLanguage\":\"fr-CA\",\"@id\":\"https:\/\/movemobility.ca\/events\/the-2024-first-nations-economic-advancement-conference\/#primaryimage\",\"url\":\"https:\/\/www.movemobility.ca\/wp-content\/uploads\/2024\/08\/OFNEDA-Logo.svg\",\"contentUrl\":\"https:\/\/www.movemobility.ca\/wp-content\/uploads\/2024\/08\/OFNEDA-Logo.svg\",\"width\":1080,\"height\":1080},{\"@type\":\"BreadcrumbList\",\"@id\":\"https:\/\/movemobility.ca\/events\/the-2024-first-nations-economic-advancement-conference\/#breadcrumb\",\"itemListElement\":[{\"@type\":\"ListItem\",\"position\":1,\"name\":\"Wheelchair Accessible Vans &amp; Medical Vehicles\",\"item\":\"https:\/\/www.movemobility.ca\/\"},{\"@type\":\"ListItem\",\"position\":2,\"name\":\"The 2024 First Nations Economic Advancement Conference\"}]},{\"@type\":\"WebSite\",\"@id\":\"https:\/\/movemobility.ca\/#website\",\"url\":\"https:\/\/movemobility.ca\/\",\"name\":\"MoveMobility\",\"description\":\"Wheelchair Accessible Vans &amp; Medical Vehicles\",\"publisher\":{\"@id\":\"https:\/\/movemobility.ca\/#organization\"},\"potentialAction\":[{\"@type\":\"SearchAction\",\"target\":{\"@type\":\"EntryPoint\",\"urlTemplate\":\"https:\/\/movemobility.ca\/?s={search_term_string}\"},\"query-input\":{\"@type\":\"PropertyValueSpecification\",\"valueRequired\":true,\"valueName\":\"search_term_string\"}}],\"inLanguage\":\"fr-CA\"},{\"@type\":\"Organization\",\"@id\":\"https:\/\/movemobility.ca\/#organization\",\"name\":\"MoveMobility\",\"url\":\"https:\/\/movemobility.ca\/\",\"logo\":{\"@type\":\"ImageObject\",\"inLanguage\":\"fr-CA\",\"@id\":\"https:\/\/movemobility.ca\/#\/schema\/logo\/image\/\",\"url\":\"https:\/\/www.movemobility.ca\/wp-content\/uploads\/2021\/06\/MM_logo_Stacked-LG.png\",\"contentUrl\":\"https:\/\/www.movemobility.ca\/wp-content\/uploads\/2021\/06\/MM_logo_Stacked-LG.png\",\"width\":444,\"height\":114,\"caption\":\"MoveMobility\"},\"image\":{\"@id\":\"https:\/\/movemobility.ca\/#\/schema\/logo\/image\/\"},\"sameAs\":[\"https:\/\/www.facebook.com\/mobilitymove\/\",\"https:\/\/x.com\/mobility_move\",\"https:\/\/www.linkedin.com\/company\/3961770\/\",\"https:\/\/www.youtube.com\/channel\/UCiW-UIxjD6wjjX-7KS4z22g\/\"]}]}<\/script>\n<!-- \/ Yoast SEO plugin. -->","yoast_head_json":{"title":"La conf\u00e9rence 2024 sur l'avancement \u00e9conomique des Premi\u00e8res nations","robots":{"index":"index","follow":"follow","max-snippet":"max-snippet:-1","max-image-preview":"max-image-preview:large","max-video-preview":"max-video-preview:-1"},"canonical":"https:\/\/movemobility.ca\/events\/the-2024-first-nations-economic-advancement-conference\/","og_locale":"fr_CA","og_type":"article","og_title":"The 2024 First Nations Economic Advancement Conference","og_description":"Stop by Booth # 12\u00a0to discuss about accessible transportation for your community! &nbsp; The 2024 First Nations Economic Advancement Conference (FNEAC) will bring ideas on &#8220;Creating Connections: Expanding our Economic Opportunities&#8221; and relevant information to Indigenous economic development people in Ontario and beyond. The Summit kicks off with an opening reception on September 16th where [&hellip;]","og_url":"https:\/\/movemobility.ca\/events\/the-2024-first-nations-economic-advancement-conference\/","og_site_name":"MoveMobility","article_publisher":"https:\/\/www.facebook.com\/mobilitymove\/","article_modified_time":"2024-09-16T14:09:05+00:00","twitter_card":"summary_large_image","twitter_site":"@mobility_move","twitter_misc":{"Estimation du temps de lecture":"2 minutes"},"schema":{"@context":"https:\/\/schema.org","@graph":[{"@type":"WebPage","@id":"https:\/\/movemobility.ca\/events\/the-2024-first-nations-economic-advancement-conference\/","url":"https:\/\/movemobility.ca\/events\/the-2024-first-nations-economic-advancement-conference\/","name":"La conf\u00e9rence 2024 sur l'avancement \u00e9conomique des Premi\u00e8res nations","isPartOf":{"@id":"https:\/\/movemobility.ca\/#website"},"primaryImageOfPage":{"@id":"https:\/\/movemobility.ca\/events\/the-2024-first-nations-economic-advancement-conference\/#primaryimage"},"image":{"@id":"https:\/\/movemobility.ca\/events\/the-2024-first-nations-economic-advancement-conference\/#primaryimage"},"thumbnailUrl":"https:\/\/www.movemobility.ca\/wp-content\/uploads\/2024\/08\/OFNEDA-Logo.svg","datePublished":"2024-08-13T15:11:40+00:00","dateModified":"2024-09-16T14:09:05+00:00","breadcrumb":{"@id":"https:\/\/movemobility.ca\/events\/the-2024-first-nations-economic-advancement-conference\/#breadcrumb"},"inLanguage":"fr-CA","potentialAction":[{"@type":"ReadAction","target":["https:\/\/movemobility.ca\/events\/the-2024-first-nations-economic-advancement-conference\/"]}]},{"@type":"ImageObject","inLanguage":"fr-CA","@id":"https:\/\/movemobility.ca\/events\/the-2024-first-nations-economic-advancement-conference\/#primaryimage","url":"https:\/\/www.movemobility.ca\/wp-content\/uploads\/2024\/08\/OFNEDA-Logo.svg","contentUrl":"https:\/\/www.movemobility.ca\/wp-content\/uploads\/2024\/08\/OFNEDA-Logo.svg","width":1080,"height":1080},{"@type":"BreadcrumbList","@id":"https:\/\/movemobility.ca\/events\/the-2024-first-nations-economic-advancement-conference\/#breadcrumb","itemListElement":[{"@type":"ListItem","position":1,"name":"Wheelchair Accessible Vans &amp; Medical Vehicles","item":"https:\/\/www.movemobility.ca\/"},{"@type":"ListItem","position":2,"name":"The 2024 First Nations Economic Advancement Conference"}]},{"@type":"WebSite","@id":"https:\/\/movemobility.ca\/#website","url":"https:\/\/movemobility.ca\/","name":"MoveMobility","description":"Fourgons et v\u00e9hicules m\u00e9dicaux accessibles aux fauteuils roulants","publisher":{"@id":"https:\/\/movemobility.ca\/#organization"},"potentialAction":[{"@type":"SearchAction","target":{"@type":"EntryPoint","urlTemplate":"https:\/\/movemobility.ca\/?s={search_term_string}"},"query-input":{"@type":"PropertyValueSpecification","valueRequired":true,"valueName":"search_term_string"}}],"inLanguage":"fr-CA"},{"@type":"Organization","@id":"https:\/\/movemobility.ca\/#organization","name":"MoveMobility","url":"https:\/\/movemobility.ca\/","logo":{"@type":"ImageObject","inLanguage":"fr-CA","@id":"https:\/\/movemobility.ca\/#\/schema\/logo\/image\/","url":"https:\/\/www.movemobility.ca\/wp-content\/uploads\/2021\/06\/MM_logo_Stacked-LG.png","contentUrl":"https:\/\/www.movemobility.ca\/wp-content\/uploads\/2021\/06\/MM_logo_Stacked-LG.png","width":444,"height":114,"caption":"MoveMobility"},"image":{"@id":"https:\/\/movemobility.ca\/#\/schema\/logo\/image\/"},"sameAs":["https:\/\/www.facebook.com\/mobilitymove\/","https:\/\/x.com\/mobility_move","https:\/\/www.linkedin.com\/company\/3961770\/","https:\/\/www.youtube.com\/channel\/UCiW-UIxjD6wjjX-7KS4z22g\/"]}]}},"_links":{"self":[{"href":"https:\/\/www.movemobility.ca\/fr\/wp-json\/wp\/v2\/events\/204604","targetHints":{"allow":["GET"]}}],"collection":[{"href":"https:\/\/www.movemobility.ca\/fr\/wp-json\/wp\/v2\/events"}],"about":[{"href":"https:\/\/www.movemobility.ca\/fr\/wp-json\/wp\/v2\/types\/events"}],"version-history":[{"count":0,"href":"https:\/\/www.movemobility.ca\/fr\/wp-json\/wp\/v2\/events\/204604\/revisions"}],"wp:featuredmedia":[{"embeddable":true,"href":"https:\/\/www.movemobility.ca\/fr\/wp-json\/wp\/v2\/media\/204605"}],"wp:attachment":[{"href":"https:\/\/www.movemobility.ca\/fr\/wp-json\/wp\/v2\/media?parent=204604"}],"curies":[{"name":"wp","href":"https:\/\/api.w.org\/{rel}","templated":true}]}}

La conférence 2024 sur l'avancement économique des Premières nations

<p>Arrêter par <strong>Stand # 12</strong> pour discuter de l'accessibilité des transports dans votre communauté !</p>
<p>&nbsp;</p>
<p>La 2024 First Nations Economic Advancement Conference (FNEAC) apportera des idées sur le thème "Creating Connections : Élargir nos opportunités économiques" et des informations pertinentes aux personnes chargées du développement économique autochtone en Ontario et au-delà.</p>
<p>Le sommet débute par une réception d'ouverture le 16 septembre, au cours de laquelle tous les délégués auront l'occasion de se rencontrer et de se présenter. Du 16 au 19 septembre, des discussions approfondies auront lieu sur une variété de sujets liés au renforcement des capacités qui répondront certainement aux besoins des nombreux délégués présents. <strong>CRÉER DES LIENS</strong> est un thème auquel de nombreuses communautés autochtones peuvent s'identifier et pour lequel elles peuvent planifier.</p>
<p>Le <strong>CRÉER DES LIENS</strong> Le sommet est ouvert à toutes les personnes et organisations autochtones et non autochtones qui souhaitent s'informer sur les nouvelles possibilités de développement économique pour les communautés et les entreprises autochtones de l'Ontario. Il s'agit d'un <strong>GRAND</strong> l'occasion de rencontrer des décideurs autochtones, des fonctionnaires, des chefs d'entreprise et des représentants professionnels qui souhaitent s'impliquer dans le développement et la promotion de l'économie autochtone.</p>
<p>En septembre 2023, l'OFNEDA a organisé sa conférence annuelle.<strong> </strong>à Niagara Falls, qui a attiré environ <strong>225 délégués </strong>qui comprenait <strong>Responsables du développement économique, chefs et conseillers des Premières nations, chefs d'entreprise autochtones, fonctionnaires, chefs d'entreprise, entreprises sponsors et autres dignitaires.</strong> pour un programme riche en valeur ajoutée qui a dépassé toutes les attentes.</p>

Fourgons et véhicules médicaux accessibles aux fauteuils roulants
